eds digit of 16389347?
3
What is the ten millions digit of 196228174?
9
What is the units digit of 179906857?
7
What is the hundred millions digit of 883523318?
8
What is the thousands digit of 984510950?
0
What is the tens digit of 5598182884?
8
What is the tens digit of 114419997?
9
What is the hundred thousands digit of 18715544?
7
What is the millions digit of 411353351?
1
What is the hundreds digit of 2056870161?
1
What is the ten thousands digit of 480217831?
1
What is the thousands digit of 1431167?
1
What is the hundreds digit of 2882142339?
3
What is the units digit of 509448885?
5
What is the hundreds digit of 489042907?
9
What is the units digit of 3938821728?
8
What is the millions digit of 269710988?
9
What is the thousands digit of 835115849?
5
What is the thousands digit of 476939107?
9
What is the hundred thousands digit of 3296610?
2
What is the units digit of 2478182627?
7
What is the thousands digit of 60604845?
4
What is the thousands digit of 51059888?
9
What is the tens digit of 281520774?
7
What is the hundreds digit of 215417696?
6
What is the ten thousands digit of 325779002?
7
What is the tens digit of 3201465449?
4
What is the ten thousands digit of 1675031905?
3
What is the ten thousands digit of 2036690885?
9
What is the hundred millions digit of 1179256294?
1
What is the millions digit of 98864336?
8
What is the ten millions digit of 12588111?
1
What is the hundred thousands digit of 122067911?
0
What is the tens digit of 66654742?
4
What is the millions digit of 9686698?
9
What is the hundred thousands digit of 584342860?
3
What is the tens digit of 2662558900?
0
What is the hundreds digit of 166703333?
3
What is the tens digit of 578535148?
4
What is the ten millions digit of 971963695?
7
What is the units digit of 797696327?
7
What is the ten thousands digit of 1175019101?
1
What is the hundred thousands digit of 298355912?
3
What is the thousands digit of 549062536?
2
What is the millions digit of 357706153?
7
What is the thousands digit of 35474489?
4
What is the hundreds digit of 1396689665?
6
What is the hundred millions digit of 174738978?
1
What is the hundreds digit of 539612282?
2
What is the ten millions digit of 179557570?
7
What is the hundreds digit of 310395052?
0
What is the thousands digit of 77533182?
3
What is the thousands digit of 462936518?
6
What is the units digit of 6523245?
5
What is the millions digit of 235813828?
5
What is the millions digit of 7869317007?
9
What is the billions digit of 1179003733?
1
What is the ten thousands digit of 86774058?
7
What is the hundreds digit of 20366068?
0
What is the ten thousands digit of 2177759794?
5
What is the tens digit of 1385398116?
1
What is the hundred thousands digit of 143011266?
0
What is the thousands digit of 44576704?
6
What is the ten thousands digit of 1464823977?
2
What is the ten thousands digit of 816219254?
1
What is the hundreds digit of 30559923?
9
What is the hundred thousands digit of 12470507?
4
What is the millions digit of 656316457?
6
What is the millions digit of 716511249?
6
What is the hundred thousands digit of 271510756?
5
What is the thousands digit of 6097103102?
3
What is the tens digit of 111487379?
7
What is the ten millions digit of 3194264174?
9
What is the thousands digit of 30180975?
0
What is the thousands digit of 1085322036?
2
What is the millions digit of 1206639726?
6
What is the units digit of 1797930330?
0
What is the thousands digit of 2525686246?
6
What is the thousands digit of 13448665?
8
What is the hundred millions digit of 413927533?
4
What is the millions digit of 137944189?
7
What is the hundreds digit of 248714146?
1
What is the ten millions digit of 147948480?
4
What is the thousands digit of 562618928?
8
What is the millions digit of 28253013?
8
What is the thousands digit of 121041242?
1
What is the ten millions digit of 19561966?
1
What is the ten thousands digit of 1212653149?
5
What is the hundreds digit of 2902680592?
5
What is the millions digit of 234863176?
4
What is the units digit of 466330410?
0
What is the ten thousands digit of 1895170818?
7
What is the hundreds digit of 13459381?
3
What is the hundreds digit of 844726412?
4
What is the ten millions digit of 188422787?
8
What is the hundreds digit of 704555877?
8
What is the ten millions digit of 72030207?
7
What is the ten thousands digit of 1782713877?
1
What is the hundred thousands digit of 1056371401?
3
What is the units digit of 225640842?
2
What is the tens digit of 17136429?
2
What is the hundred thousands digit of 46786636?
7
What is the hundreds digit of 2931824139?
1
What is the millions digit of 103276091?
3
What is the millions digit of 105110645?
5
What is the tens digit of 12731157?
5
What is the ten thousands digit of 551377255?
7
What is the hundred millions digit of 124874494?
1
What is the hundred thousands digit of 261710032?
7
What is the hundreds digit of 408542161?
1
What is the millions digit of 136155146?
6
What is the ten millions digit of 97744982?
9
What is the thousands digit of 125132082?
2
What is the hundreds digit of 189405617?
6
What is the hundreds digit of 505779206?
2
What is the hundred millions digit of 146969079?
1
What is the hundreds digit of 259927046?
0
What is the hundred millions digit of 1087888143?
0
What is the hundred thousands digit of 660634094?
6
What is the millions digit of 454308149?
4
What is the units digit of 233787019?
9
What is the hundred millions digit of 4415662316?
4
What is the ten millions digit of 19847604?
1
What is the hundred millions digit of 341627289?
3
What is the thousands digit of 1522001868?
1
What is the thousands digit of 160082486?
2
What is the tens digit of 34527220?
2
What is the hundred thousands digit of 510311212?
3
What is the hundred thousands digit of 2252185612?
1
What is the ten thousands digit of 15047501?
4
What is the hundred thousands digit of 1546831518?
8
What is the thousands digit of 783167618?
7
What is the ten thousands digit of 782222792?
2
What is the thousands digit of 199832211?
2
What is the tens digit of 16378279?
7
What is the hundred thousands digit of 3605644883?
6
What is the units digit of 160306976?
6
What is the millions digit of 79840580?
9
What is the thousands digit of 168019934?
9
What is the hundred thousands digit of 1045635303?
6
What is the hundreds digit of 984190700?
7
What is the millions digit of 59490896?
9
What is the billions digit of 1908147872?
1
What is the hundred millions digit of 353558226?
3
What is the ten millions digit of 224926330?
2
What is the hundred millions digit of 3461903387?
4
What is the tens digit of 2783081475?
7
What is the thousands digit of 102331774?
1
What is the thousands digit of 3596399?
6
What is the thousands digit of 407687815?
7
What is the hundred thousands digit of 866065080?
0
What is the ten millions digit of 1124428004?
2
What is the tens digit of 103168015?
1
What is the ten millions digit of 291132689?
9
What is the hundred thousands digit of 81687317?
6
What is the units digit of 188879990?
0
What is the hundred thousands digit of 58342597?
3
What is the ten millions digit of 66272691?
6
What is the hundred thousands digit of 2128455476?
4
What is the thousands digit of 381158540?
8
What is the millions digit of 210689937?
0
What is the millions digit of 389715143?
9
What is the ten millions digit of 1622088698?
2
What is the ten millions digit of 1015769592?
1
What is the tens digit of 1034818752?
5
What is the hundred millions digit of 595758740?
5
What is the hundreds digit of 277551877?
8
What is the ten millions digit of 176941999?
7
What is the ten millions digit of 148418384?
4
What is the hundred thousands digit of 403020622?
0
What is the millions digit of 59021690?
9
What is the millions digit of 427217504?
7
What is the tens digit of 997608308?
0
What is the tens digit of 4339238181?
8
What is the thousands digit of 835793474?
3
What is the hundreds digit of 28234311?
3
What is the hundred thousands digit of 11653429?
6
What is the tens digit of 391451177?
7
What is the ten millions digit of 2173494661?
7
What is the hundred thousands digit of 992802?
9
What is the ten millions digit of 414904173?
1
What is the ten thousands digit of 17868219